se z = c - 4. Does 14 divide c?
False
Suppose -2*b - 500 = -5*f, -4*f - 3*b + 8*b + 383 = 0. Suppose 487 = 5*r - 2*r + g, -5*g - 463 = -3*r. Let q = r - f. Is q a multiple of 20?
False
Let t(f) = 59*f**2 - 3*f - 4. Is 17 a factor of t(-2)?
True
Let q be (-2 - (-3 - 1)) + 55. Suppose -3*m - 5*h = m - q, -2*m - 5*h = -21. Is (-2)/(-4) - m/(-4) a multiple of 2?
False
Let u = 651 - 245. Does 7 divide u?
True
Let u = 12 + -11. Let c(y) = -5*y - 2. Let z be c(9). Let h = u - z. Is h a multiple of 12?
True
Suppose 5 = 5*l, -4 + 17 = 4*q + l. Suppose q*d - 14 - 1 = 0. Suppose 0*w + 4 = -4*g + 4*w, 0 = d*g - w - 11. Is g even?
False
Let t(w) be the first derivative of 7*w**3 - 2*w + 15. Is t(2) a multiple of 41?
True
Suppose -p + 22 = 4*y, 73 + 60 = 4*p + y. Does 23 divide p?
False
Let b(g) = g + 27. Let h(v) be the first derivative of -v**3/3 + 7*v**2/2 + 8*v - 2. Let d be h(8). Is b(d) a multiple of 9?
True
Let j(c) = 8*c**2 + c - 4. Let y be j(2). Let x = y + -28. Suppose -6 = x*h - 14. Is 4 a factor of h?
True
Let h(c) = c**3 - 3*c + 10. Does 9 divide h(4)?
False
Let g(n) = n. Let c be g(3). Suppose 2*j - 183 = -0*j - c*h, 5*h + 15 = 0. Is j a multiple of 16?
True
Let a(r) = 19*r + 2. Is a(8) a multiple of 11?
True
Let w(v) = v + 8. Let a be w(-7). Let c = 59 - a. Suppose -4*r = -4*o - 38 - c, -o = -2*r + 50. Does 7 divide r?
False
Does 15 divide (10/8)/((-1)/(-156))?
True
Let y = 8 + -5. Let n(r) = 2*r - 3. Let x be n(y). Does 14 divide 1/x*(0 - -129)?
False
Suppose -36*x + 13200 = -14*x. Is x a multiple of 15?
True
Let k be (-5 + 2)/3*-3*1. Suppose 70 = 4*j + 3*t - 1321, -5*j = k*t - 1741. Is j a multiple of 50?
True
Let f(r) = -r**2 + 13*r - 16. Let x be f(11). Suppose x*c + 4*k = 3*c + 56, 2*c + 3*k - 37 = 0. Is 20 a factor of c?
True
Suppose 2*y - 7*y + 6346 = m, 6362 = 5*y - 3*m. Does 82 divide y?
False
Suppose 6 = 2*g, 122*g = -4*j + 125*g + 711. Does 45 divide j?
True
Does 26 divide 5822/10 + 18/(-90) + -3?
False
Let v = -10 - -10. Suppose -2*c - c - 30 = v. Let k = c - -13. Is 2 a factor of k?
False
Let b(t) = t**3 - 12*t**2 + 5*t - 20. Suppose -6 = -2*j, -4*z - 5*j - 7 + 70 = 0. Is b(z) a multiple of 22?
False
Let m be (-110)/(-9) + (-14)/63*1. Let t be -2*(1 - (-10)/(-4)). Suppose t*h = 2*h + m. Does 3 divide h?
True
Let g(s) = -s**2 - 14*s + 5. Let y be g(-14). Suppose 0*p - 4 = -p + m, 2*m - 20 = -y*p. Is p a multiple of 4?
True
Let f be (-1 - 0)*0/(-3). Suppose -4*n - 108 = -4*j, 3*j + 0*j + 2*n - 71 = f. Let u = j + -10. Is 5 a factor of u?
True
Let n be 1 - (0 - (-3 - -322)). Let d be n/(-15)*(-18)/8. Is (d/(-10))/(4/(-20)) a multiple of 5?
False
Does 4 divide (-2 + 1)*(3 + -1*287)?
True
Is 116 a factor of (14/(-3) - -5) + (-2122)/(-6)?
False
Let k(y) = -y**3 - 14*y**2 - 3*y + 8. Does 14 divide k(-18)?
True
Does 21 divide (-5 + 106/3)/((-1)/(-18))?
True
Let v be 1*-3 - (-30)/15. Let x be -4 + (-8)/2*v. Suppose 2*h - 7 - 43 = x. Does 4 divide h?
False
Suppose 3*s - 356 = -s. Suppose -3*c + o + 205 = 0, c = -5*o + s + 6. Does 25 divide c?
False
Let c = 181 + -97. Let s(p) = 2*p**2 + 5*p + 6. Let x be s(-6). Let a = c - x. Does 8 divide a?
False
Let d(j) be the second derivative of -j**5/20 - 11*j**4/12 - 13*j**3/6 - 7*j**2 + 28*j. Does 23 divide d(-12)?
False
Suppose 3*n + 24 = 11*n. Suppose 0 = 2*s + 5*c + 16, 7*s + 6 = 4*s - n*c. Does 17 divide 54 - 5 - s*-1?
True
Let o(r) = -2*r**3 - 2*r**2 + r + 3. Let n(t) = -t**3 - t - 1. Let g(a) = n(a) - o(a). Is 42 a factor of g(4)?
True
Let p = -483 + 651. Does 8 divide p?
True
Let g(x) = 3*x**3 + 3*x**2 + 6*x + 4*x - 10*x**2 - 4 - 3*x. Is g(4) a multiple of 13?
True
Suppose -1077 - 1240 = -7*b. Suppose 3*l - w + b = 5*l, -4*l + 2*w + 666 = 0. Is 18 a factor of l?
False
Let s(d) = 10*d**2 + 3*d - 3. Is 10 a factor of s(6)?
False
Let c be ((-617)/(-2))/((-1)/(-2)). Suppose -5*v + c = -733. Does 10 divide v?
True
Let y(h) = -h**2 + 4*h - 1. Let b be y(3). Suppose 0 = -b*c + 1 + 3. Suppose j - 20 = c. Does 6 divide j?
False
Suppose -25 = 3*c + 4*t, 4*c - 6*t - 4 = -2*t. Is 4/(-6) + (-32)/c + 1 a multiple of 2?
False
Let h(l) = -12*l - 52. Is 6 a factor of h(-14)?
False
Let b = -144 + 130. Is ((-196)/1)/(b/21) a multiple of 14?
True
Let i = 45 + -39. Does 18 divide (i/(-14)*-2)/((-1)/(-63))?
True
Does 16 divide (-18)/(-66) + 21847/77?
False
Suppose 3*q - 2*k - 19 = 0, q + q - 5*k = 20. Suppose -59 = -w - 4*s, 2*w - 121 = -0*w - q*s. Is w a multiple of 22?
False
Suppose 4*s + 44 = -5*v, -2*v + 0 = 4*s + 8. Let q = v - 8. Let o = -5 - q. Does 4 divide o?
False
Let m be 0/2*1/(-1). Suppose m = 5*c + 3*t + 17, 5*c = -t + 3*t - 22. Is 7 a factor of 34/c*-1*2?
False
Let d(j) = -j + 24. Let s(p) = p**2 + 3*p - 4. Let i be s(-4). Does 5 divide d(i)?
False
Let u = -76 - -93. Suppose -2*o + 380 = 2*k, 5*k + 973 = 5*o - u. Does 21 divide o?
False
Suppose -3*z + 8*z = 3370. Is z a multiple of 19?
False
Let o = -64 + 149. Is o a multiple of 7?
False
Let s(x) = x**3 - 4*x**2 - 11*x. Does 8 divide s(8)?
True
Let z(q) = 5*q**2 - q. Let t be z(1). Is ((-60)/(-18))/(t/30) a multiple of 14?
False
Let p = -20 + -8. Let q = 30 + p. Is q even?
True
Let b be -5 + (0 - 0) + 6/(-2). Does 15 divide (-11607)/(-212) - (10/b + 1)?
False
Suppose -3*c = 3*c - 12. Suppose 9 = z + c*t - 9, 4*z - 52 = -3*t. Is 3 a factor of z?
False
Is 2/3 - (-3568)/3 a multiple of 10?
True
Let u(c) = -c**3 + 14*c**2 - 20*c - 14. Is 31 a factor of u(10)?
True
Let q(x) be the first derivative of x**6/360 - x**5/30 + 5*x**4/12 - 2*x**3/3 + 7. Let v(a) be the third derivative of q(a). Is v(7) a multiple of 13?
False
Let f = 5 + 1. Is (-10)/(-30) - (-838)/f a multiple of 18?
False
Suppose 0 = -i - 0*i + 596. Let o = i - 350. Is o a multiple of 20?
False
Let c(n) be the first derivative of n**3/3 + 7*n**2/2 - 4*n - 9. Is 20 a factor of c(-11)?
True
Suppose -4*z = -2*x - 210, -3*x = 5*z + 2*x - 240. Suppose 9*f + z + 3 = 0. Let g(o) = -11*o - 18. Is 14 a factor of g(f)?
False
Is 27 a factor of (-1)/(((-8)/(-864))/(-1))?
True
Let z(v) = 2*v**3 + 17*v**2 - 9*v - 2. Let d be z(-9). Let r = d - -19. Is r a multiple of 17?
True
Let p(w) = 14*w + 65. Does 16 divide p(3)?
False
Suppose -684 = -3*d - z, -3*z - 9 = -0*z. Is 5 a factor of d?
False
Suppose -g + 2*g = 2*d - 128, 0 = 4*g. Is 10 a factor of d?
False
Let u be (-6)/(-9)*(-3 + 6). Suppose -z - 4 = -4*b + 4, u*b + 5*z = 26. Is 14 a factor of b*(224/12 - -2)?
False
Suppose 7*f = 399 - 2723. Let d = 476 + f. Is d a multiple of 18?
True
Suppose -5*j - 147 = 88. Let n = 68 - 141. Let p = j - n. Is p a multiple of 9?
False
Suppose -2*m + 2 = -4. Suppose s - 13 + 1 = 2*h, 0 = -m*s - 5*h - 19. Is 26 a factor of s/(28/(-29) - -1)?
False
Suppose 3*f - 9 = 0, -6*r + 741 = -3*r - f. Suppose 9*s + r = 13*s. Is s a multiple of 15?
False
Is 14 a factor of 1*361 - (-10 + (-98)/(-14))?
True
Suppose 4*u + u = 5*a + 25, 25 = a + 5*u. Let i(y) = 11*y**2 + 39 - 10*y**2 - y - 26. Is 7 a factor of i(a)?
False
Let v = 1036 + -382. Is v a multiple of 18?
False
Suppose -3 = -3*s + 12. Suppose -2*x + 11 = 5. Suppose x*d - m - s - 111 = 0, 3*m = -5*d + 170. Is 16 a factor of d?
False
Let h be (3/2 + -1)*-18. Let c = -289 - -236. Let a = h - c. Is a a multiple of 20?
False
Suppose 4*c - j - 863 = 0, 4*c - 430 = 2*c + 2*j. Is 24 a factor of c?
True
Let c(j) = -22*j**2 + 1. Let p be c(-1). Suppose 0 = -g - 5*l + 2*l + 48, 106 = 2*g + l. Let b = p + g. Is 11 a factor of b?
True
Suppose 4838 = 6*w - 652. Does 61 divide w?
True
Is 39 a factor of (-4)/6 + (-110295)/(-81)?
False
Suppose -175 = -2*i + 5*f, -i + 4*i - 235 = 2*f. Suppose -70*h - 600 = -i*h. Is h a multiple of 12?
True
Let z(c) = c**3 - 64*c**2 - 175*c - 56. Is z(67) a multiple of 21?
False
Let g = -475 - -705. Is 14 a factor of g?
False
Let v = 16 + -27. Let q = v - -14. Suppose -222 + 36 = -q*l. Is 19 a factor of l?
False
Let o = 2267 - 875. Does 29 divide o?
True
Suppose 4*m + 3 = -3*p - 16, -4*m = p + 17. Let x(o) = 2*o**2 - 3*o - 11. Does 33 divide x(m)?
True
Let n(v) = v**3 - 11*v**2 + 10*v + 22. Let o be n(7). Let r = 184 + o. Does 8 divide r?
True
Suppose 3*d = 6*d + 42. Let m be (-24)/10*735/d. Let c = -74 + m. Is 13 a factor of c?
True
Suppose -141 - 149 = -10*z. Let s = 45 - z. Does 16 divide s?
True
Suppose 4*g + 0*z - 2992 = 2*z, 0 = g - z - 746. Does 10 d